{"id":214,"date":"2024-02-15T16:37:55","date_gmt":"2024-02-15T15:37:55","guid":{"rendered":"https:\/\/aquilinosamantha.space\/?page_id=214"},"modified":"2026-04-21T00:50:05","modified_gmt":"2026-04-20T22:50:05","slug":"about-me-2","status":"publish","type":"page","link":"https:\/\/aquilinosamantha.space\/?page_id=214","title":{"rendered":"about me"},"content":{"rendered":"\t\t<div data-elementor-type=\"wp-page\" data-elementor-id=\"214\" class=\"elementor elementor-214\">\n\t\t\t\t<div class=\"elementor-element elementor-element-e0ebcef e-flex e-con-boxed e-con e-parent\" data-id=\"e0ebcef\" data-element_type=\"container\" data-e-type=\"container\">\n\t\t\t\t\t<div class=\"e-con-inner\">\n\t\t\t\t<div class=\"elementor-element elementor-element-6d66713 elementor-widget elementor-widget-text-editor\" data-id=\"6d66713\" data-element_type=\"widget\" data-e-type=\"widget\" data-widget_type=\"text-editor.default\">\n\t\t\t\t<div class=\"elementor-widget-container\">\n\t\t\t\t\t\t\t\t\t<p><span style=\"text-decoration: underline; color: #0000ff;\"><span style=\"text-decoration: underline;\"><a style=\"color: #0000ff; text-decoration: underline;\" href=\"https:\/\/aquilinosamantha.space\"><b>\u2190<\/b><\/a><\/span><\/span><\/p>\t\t\t\t\t\t\t\t<\/div>\n\t\t\t\t<\/div>\n\t\t\t\t\t<\/div>\n\t\t\t\t<\/div>\n\t\t<div class=\"elementor-element elementor-element-2c7f008 e-flex e-con-boxed e-con e-parent\" data-id=\"2c7f008\" data-element_type=\"container\" data-e-type=\"container\">\n\t\t\t\t\t<div class=\"e-con-inner\">\n\t\t\t\t<div class=\"elementor-element elementor-element-4ea92b5 elementor-widget elementor-widget-text-editor\" data-id=\"4ea92b5\" data-element_type=\"widget\" data-e-type=\"widget\" data-widget_type=\"text-editor.default\">\n\t\t\t\t<div class=\"elementor-widget-container\">\n\t\t\t\t\t\t\t\t\t<p>Samantha Aquilino (*1998)<\/p><p>From Lucerne, CH<\/p><p><span style=\"color: #000000;\">Bachelor of Arts in Film with Specialisation in Animation and <\/span><span style=\"color: #000000;\">Sounddesign<\/span><\/p><p><span style=\"color: #000000;\">Lucerne University for Applied Sciences and Arts, 2021<\/span><\/p><p><span style=\"color: #000000;\">aquilino.samantha@gmail.com<\/span><\/p><p><span style=\"color: #000000;\">instagram: <\/span><span style=\"text-decoration: underline;\"><a href=\"https:\/\/www.instagram.com\/coyothe_kid\/\" target=\"_blank\" rel=\"noopener\"><span style=\"color: #0000ff; text-decoration: underline;\">@coyothe_kid<\/span><\/a><\/span><\/p><p><span style=\"text-decoration: underline;\">awards<\/span><\/p><p class=\"p1\">2025 Public Art Collection Stadt Luzern, CH<\/p><p>2024 Albert Koechlin Stiftung, Innerschweizer Nachwuchs-Kurzfilmwettbewerb<\/p><p>2024 Kanton Luzern Kulturf\u00f6rderung &#8211; selektive F\u00f6rderung<\/p><p>2021 Nomination Alumni F\u00f6rderpreis HSLU DFK<\/p><p><span style=\"text-decoration: underline;\">engagement<\/span><\/p><p>2026 Vorstandsmitglied Visarte Zentralschweiz<\/p><p>2026 Jury-Mitglied Alumni F\u00f6rderpreis HSLU DFK<\/p><p>2025 Jury-Mitglied Alumni F\u00f6rderpreis HSLU DFK<\/p><p>2024 Jury-Mitglied Alumni F\u00f6rderpreis HSLU DFK<\/p><p>2023 Jury-Mitglied Alumni F\u00f6rderpreis HSLU DFK<\/p><p><span style=\"text-decoration: underline;\">references<\/span> <span style=\"text-decoration: underline;\"><a href=\"https:\/\/visarte.ch\/de\/de-visarte\/\" target=\"_blank\" rel=\"noopener\"><span style=\"color: #0000ff; text-decoration: underline;\">Visarte<\/span><\/a><\/span><span style=\"color: #0000ff;\">\u00a0<span style=\"text-decoration: underline;\"><a href=\"https:\/\/swissanimation.ch\/de\/mitglieder\/mitglied\/1099\/\" target=\"_blank\" rel=\"noopener\"><span style=\"color: #0000ff; text-decoration: underline;\">GSFA (Groupement Suisse du Film d\u2019Animation)<\/span><\/a><\/span> <span style=\"text-decoration: underline;\"><a href=\"https:\/\/www.swissfilms.ch\/de\/person\/samantha-aquilino\/c437932a1bcc44de909583d8b30d8036\" target=\"_blank\" rel=\"noopener\"><span style=\"color: #0000ff; text-decoration: underline;\">SWISSFILMS<\/span><\/a><\/span> <a href=\"https:\/\/filmzentralschweiz.ch\/mitglieder\/samantha-aquilino\/\" target=\"_blank\" rel=\"noopener\"><span style=\"text-decoration: underline;\"><span style=\"color: #0000ff; text-decoration: underline;\">Film Zentralschweiz<\/span><\/span><\/a> <a href=\"https:\/\/3fach.ch\/person\/samantha-aquilino\" target=\"_blank\" rel=\"noopener\"><span style=\"text-decoration: underline;\"><span style=\"color: #0000ff; text-decoration: underline;\">3FACH<\/span><\/span> <\/a><a href=\"https:\/\/aquilinosamantha.space\/wp-content\/uploads\/2026\/04\/Presse_260421.pdf\" target=\"_blank\" rel=\"noopener\"><span style=\"text-decoration: underline;\"><span style=\"color: #0000ff; text-decoration: underline;\">p<\/span><span style=\"color: #0000ff; text-decoration: underline;\">ress<\/span><\/span><\/a><\/span><\/p>\t\t\t\t\t\t\t\t<\/div>\n\t\t\t\t<\/div>\n\t\t\t\t\t<\/div>\n\t\t\t\t<\/div>\n\t\t\t\t<\/div>\n\t\t","protected":false},"excerpt":{"rendered":"<p>\u2190 Samantha Aquilino (*1998) From Lucerne, CH Bachelor of Arts in Film with Specialisation in Animation and Sounddesign Lucerne University for Applied Sciences and Arts, 2021 aquilino.samantha@gmail.com instagram: @coyothe_kid awards 2025 Public Art Collection Stadt Luzern, CH 2024 Albert Koechlin Stiftung, Innerschweizer Nachwuchs-Kurzfilmwettbewerb 2024 Kanton Luzern Kulturf\u00f6rderung &#8211; selektive F\u00f6rderung 2021 Nomination Alumni F\u00f6rderpreis HSLU [&hellip;]<\/p>\n","protected":false},"author":214223916,"featured_media":0,"parent":0,"menu_order":0,"comment_status":"closed","ping_status":"closed","template":"elementor_header_footer","meta":{"footnotes":""},"class_list":["post-214","page","type-page","status-publish","hentry"],"yoast_head":"<!-- This site is optimized with the Yoast SEO plugin v27.5 - https:\/\/yoast.com\/product\/yoast-seo-wordpress\/ -->\n<meta name=\"robots\" content=\"index, follow, max-snippet:-1, max-image-preview:large, max-video-preview:-1\" \/>\n<link rel=\"canonical\" href=\"https:\/\/aquilinosamantha.space\/?page_id=214\" \/>\n<meta property=\"og:locale\" content=\"de_DE\" \/>\n<meta property=\"og:type\" content=\"article\" \/>\n<meta property=\"og:description\" content=\"\u2190 Samantha Aquilino (*1998) From Lucerne, CH Bachelor of Arts in Film with Specialisation in Animation and Sounddesign Lucerne University for Applied Sciences and Arts, 2021 aquilino.samantha@gmail.com instagram: @coyothe_kid awards 2025 Public Art Collection Stadt Luzern, CH 2024 Albert Koechlin Stiftung, Innerschweizer Nachwuchs-Kurzfilmwettbewerb 2024 Kanton Luzern Kulturf\u00f6rderung &#8211; selektive F\u00f6rderung 2021 Nomination Alumni F\u00f6rderpreis HSLU [&hellip;]\" \/>\n<meta property=\"og:url\" content=\"https:\/\/aquilinosamantha.space\/?page_id=214\" \/>\n<meta property=\"article:modified_time\" content=\"2026-04-20T22:50:05+00:00\" \/>\n<meta name=\"twitter:card\" content=\"summary_large_image\" \/>\n<meta name=\"twitter:label1\" content=\"Gesch\u00e4tzte Lesezeit\" \/>\n\t<meta name=\"twitter:data1\" content=\"1\u00a0Minute\" \/>\n<script type=\"application\/ld+json\" class=\"yoast-schema-graph\">{\"@context\":\"https:\\\/\\\/schema.org\",\"@graph\":[{\"@type\":\"WebPage\",\"@id\":\"https:\\\/\\\/aquilinosamantha.space\\\/?page_id=214\",\"url\":\"https:\\\/\\\/aquilinosamantha.space\\\/?page_id=214\",\"name\":\"\",\"isPartOf\":{\"@id\":\"https:\\\/\\\/aquilinosamantha.space\\\/#website\"},\"datePublished\":\"2024-02-15T15:37:55+00:00\",\"dateModified\":\"2026-04-20T22:50:05+00:00\",\"breadcrumb\":{\"@id\":\"https:\\\/\\\/aquilinosamantha.space\\\/?page_id=214#breadcrumb\"},\"inLanguage\":\"de\",\"potentialAction\":[{\"@type\":\"ReadAction\",\"target\":[\"https:\\\/\\\/aquilinosamantha.space\\\/?page_id=214\"]}]},{\"@type\":\"BreadcrumbList\",\"@id\":\"https:\\\/\\\/aquilinosamantha.space\\\/?page_id=214#breadcrumb\",\"itemListElement\":[{\"@type\":\"ListItem\",\"position\":1,\"name\":\"Startseite\",\"item\":\"https:\\\/\\\/aquilinosamantha.space\\\/\"},{\"@type\":\"ListItem\",\"position\":2,\"name\":\"about me\"}]},{\"@type\":\"WebSite\",\"@id\":\"https:\\\/\\\/aquilinosamantha.space\\\/#website\",\"url\":\"https:\\\/\\\/aquilinosamantha.space\\\/\",\"name\":\"\",\"description\":\"\",\"potentialAction\":[{\"@type\":\"SearchAction\",\"target\":{\"@type\":\"EntryPoint\",\"urlTemplate\":\"https:\\\/\\\/aquilinosamantha.space\\\/?s={search_term_string}\"},\"query-input\":{\"@type\":\"PropertyValueSpecification\",\"valueRequired\":true,\"valueName\":\"search_term_string\"}}],\"inLanguage\":\"de\"}]}<\/script>\n<!-- \/ Yoast SEO plugin. -->","yoast_head_json":{"robots":{"index":"index","follow":"follow","max-snippet":"max-snippet:-1","max-image-preview":"max-image-preview:large","max-video-preview":"max-video-preview:-1"},"canonical":"https:\/\/aquilinosamantha.space\/?page_id=214","og_locale":"de_DE","og_type":"article","og_description":"\u2190 Samantha Aquilino (*1998) From Lucerne, CH Bachelor of Arts in Film with Specialisation in Animation and Sounddesign Lucerne University for Applied Sciences and Arts, 2021 aquilino.samantha@gmail.com instagram: @coyothe_kid awards 2025 Public Art Collection Stadt Luzern, CH 2024 Albert Koechlin Stiftung, Innerschweizer Nachwuchs-Kurzfilmwettbewerb 2024 Kanton Luzern Kulturf\u00f6rderung &#8211; selektive F\u00f6rderung 2021 Nomination Alumni F\u00f6rderpreis HSLU [&hellip;]","og_url":"https:\/\/aquilinosamantha.space\/?page_id=214","article_modified_time":"2026-04-20T22:50:05+00:00","twitter_card":"summary_large_image","twitter_misc":{"Gesch\u00e4tzte Lesezeit":"1\u00a0Minute"},"schema":{"@context":"https:\/\/schema.org","@graph":[{"@type":"WebPage","@id":"https:\/\/aquilinosamantha.space\/?page_id=214","url":"https:\/\/aquilinosamantha.space\/?page_id=214","name":"","isPartOf":{"@id":"https:\/\/aquilinosamantha.space\/#website"},"datePublished":"2024-02-15T15:37:55+00:00","dateModified":"2026-04-20T22:50:05+00:00","breadcrumb":{"@id":"https:\/\/aquilinosamantha.space\/?page_id=214#breadcrumb"},"inLanguage":"de","potentialAction":[{"@type":"ReadAction","target":["https:\/\/aquilinosamantha.space\/?page_id=214"]}]},{"@type":"BreadcrumbList","@id":"https:\/\/aquilinosamantha.space\/?page_id=214#breadcrumb","itemListElement":[{"@type":"ListItem","position":1,"name":"Startseite","item":"https:\/\/aquilinosamantha.space\/"},{"@type":"ListItem","position":2,"name":"about me"}]},{"@type":"WebSite","@id":"https:\/\/aquilinosamantha.space\/#website","url":"https:\/\/aquilinosamantha.space\/","name":"","description":"","potentialAction":[{"@type":"SearchAction","target":{"@type":"EntryPoint","urlTemplate":"https:\/\/aquilinosamantha.space\/?s={search_term_string}"},"query-input":{"@type":"PropertyValueSpecification","valueRequired":true,"valueName":"search_term_string"}}],"inLanguage":"de"}]}},"jetpack_likes_enabled":true,"jetpack_sharing_enabled":true,"jetpack_shortlink":"https:\/\/wp.me\/PdyxBd-3s","jetpack-related-posts":[{"id":1467,"url":"https:\/\/aquilinosamantha.space\/","url_meta":{"origin":214,"position":0},"title":"https:\/\/aquilinosamantha.space","author":"Samantha Aquilino","date":"23. April 2024","format":false,"excerpt":"cv club penguin about me bravo hits Last Update 21 April 2026 https:\/\/gifcities.org 02 May 2026 zwischentext zine vol. 10, Z\u00fcrich CH17 April 2026 Samantha Aquilino X Beat Koller, Kaffee Kind Luzern16 January 2026 charms of bling, HGK Basel CIVIC2026 Dessin 2025 - Zentralschweizer Zeichnung, Galerie im Kloster - Rathausen2026\u2026","rel":"","context":"\u00c4hnlicher Beitrag","block_context":{"text":"\u00c4hnlicher Beitrag","link":""},"img":{"alt_text":"","src":"","width":0,"height":0},"classes":[]},{"id":9525,"url":"https:\/\/aquilinosamantha.space\/?page_id=9525","url_meta":{"origin":214,"position":1},"title":"club penguin","author":"Samantha Aquilino","date":"23. Oktober 2025","format":false,"excerpt":"\u2190 https:\/\/gifcities.org\/ \"Wo in der Bibel steht, dass der Apfel nicht weit vom Stamm f\u00e4llt?\" [05 December 2025, Kunstmuseum Luzern] Erworben von der Ankaufskommission der Stadt Luzern samantha X marytwo [21 July 2025] Samantha Aquilino @coyothe_kid wearing the new marytwo tee in a size small \ud83e\udeb7 Limited marytwo tee available\u2026","rel":"","context":"\u00c4hnlicher Beitrag","block_context":{"text":"\u00c4hnlicher Beitrag","link":""},"img":{"alt_text":"","src":"https:\/\/i0.wp.com\/aquilinosamantha.space\/wp-content\/uploads\/2025\/12\/IMG_0053-150x150.jpg?resize=350%2C200&ssl=1","width":350,"height":200},"classes":[]}],"_links":{"self":[{"href":"https:\/\/aquilinosamantha.space\/index.php?rest_route=\/wp\/v2\/pages\/214","targetHints":{"allow":["GET"]}}],"collection":[{"href":"https:\/\/aquilinosamantha.space\/index.php?rest_route=\/wp\/v2\/pages"}],"about":[{"href":"https:\/\/aquilinosamantha.space\/index.php?rest_route=\/wp\/v2\/types\/page"}],"author":[{"embeddable":true,"href":"https:\/\/aquilinosamantha.space\/index.php?rest_route=\/wp\/v2\/users\/214223916"}],"replies":[{"embeddable":true,"href":"https:\/\/aquilinosamantha.space\/index.php?rest_route=%2Fwp%2Fv2%2Fcomments&post=214"}],"version-history":[{"count":100,"href":"https:\/\/aquilinosamantha.space\/index.php?rest_route=\/wp\/v2\/pages\/214\/revisions"}],"predecessor-version":[{"id":10765,"href":"https:\/\/aquilinosamantha.space\/index.php?rest_route=\/wp\/v2\/pages\/214\/revisions\/10765"}],"wp:attachment":[{"href":"https:\/\/aquilinosamantha.space\/index.php?rest_route=%2Fwp%2Fv2%2Fmedia&parent=214"}],"curies":[{"name":"wp","href":"https:\/\/api.w.org\/{rel}","templated":true}]}}

<div data-elementor-type="wp-page" data-elementor-id="214" class="elementor elementor-214">
				<div class="elementor-element elementor-element-e0ebcef e-flex e-con-boxed e-con e-parent" data-id="e0ebcef" data-element_type="container" data-e-type="container">
					<div class="e-con-inner">
				<div class="elementor-element elementor-element-6d66713 elementor-widget elementor-widget-text-editor" data-id="6d66713" data-element_type="widget" data-e-type="widget" data-widget_type="text-editor.default">
				<div class="elementor-widget-container">
									<p><span style="text-decoration: underline; color: #0000ff;"><span style="text-decoration: underline;"><a style="color: #0000ff; text-decoration: underline;" href="https://aquilinosamantha.space"><b>←</b></a></span></span></p>								</div>
				</div>
					</div>
				</div>
		<div class="elementor-element elementor-element-2c7f008 e-flex e-con-boxed e-con e-parent" data-id="2c7f008" data-element_type="container" data-e-type="container">
					<div class="e-con-inner">
				<div class="elementor-element elementor-element-4ea92b5 elementor-widget elementor-widget-text-editor" data-id="4ea92b5" data-element_type="widget" data-e-type="widget" data-widget_type="text-editor.default">
				<div class="elementor-widget-container">
									<p>Samantha Aquilino (*1998)</p><p>From Lucerne, CH</p><p><span style="color: #000000;">Bachelor of Arts in Film with Specialisation in Animation and </span><span style="color: #000000;">Sounddesign</span></p><p><span style="color: #000000;">Lucerne University for Applied Sciences and Arts, 2021</span></p><p><span style="color: #000000;">aquilino.samantha@gmail.com</span></p><p><span style="color: #000000;">instagram: </span><span style="text-decoration: underline;"><a href="https://www.instagram.com/coyothe_kid/" target="_blank" rel="noopener"><span style="color: #0000ff; text-decoration: underline;">@coyothe_kid</span></a></span></p><p><span style="text-decoration: underline;">awards</span></p><p class="p1">2025 Public Art Collection Stadt Luzern, CH</p><p>2024 Albert Koechlin Stiftung, Innerschweizer Nachwuchs-Kurzfilmwettbewerb</p><p>2024 Kanton Luzern Kulturförderung &#8211; selektive Förderung</p><p>2021 Nomination Alumni Förderpreis HSLU DFK</p><p><span style="text-decoration: underline;">engagement</span></p><p>2026 Vorstandsmitglied Visarte Zentralschweiz</p><p>2026 Jury-Mitglied Alumni Förderpreis HSLU DFK</p><p>2025 Jury-Mitglied Alumni Förderpreis HSLU DFK</p><p>2024 Jury-Mitglied Alumni Förderpreis HSLU DFK</p><p>2023 Jury-Mitglied Alumni Förderpreis HSLU DFK</p><p><span style="text-decoration: underline;">references</span> <span style="text-decoration: underline;"><a href="https://visarte.ch/de/de-visarte/" target="_blank" rel="noopener"><span style="color: #0000ff; text-decoration: underline;">Visarte</span></a></span><span style="color: #0000ff;"> <span style="text-decoration: underline;"><a href="https://swissanimation.ch/de/mitglieder/mitglied/1099/" target="_blank" rel="noopener"><span style="color: #0000ff; text-decoration: underline;">GSFA (Groupement Suisse du Film d’Animation)</span></a></span> <span style="text-decoration: underline;"><a href="https://www.swissfilms.ch/de/person/samantha-aquilino/c437932a1bcc44de909583d8b30d8036" target="_blank" rel="noopener"><span style="color: #0000ff; text-decoration: underline;">SWISSFILMS</span></a></span> <a href="https://filmzentralschweiz.ch/mitglieder/samantha-aquilino/" target="_blank" rel="noopener"><span style="text-decoration: underline;"><span style="color: #0000ff; text-decoration: underline;">Film Zentralschweiz</span></span></a> <a href="https://3fach.ch/person/samantha-aquilino" target="_blank" rel="noopener"><span style="text-decoration: underline;"><span style="color: #0000ff; text-decoration: underline;">3FACH</span></span> </a><a href="https://aquilinosamantha.space/wp-content/uploads/2026/04/Presse_260421.pdf" target="_blank" rel="noopener"><span style="text-decoration: underline;"><span style="color: #0000ff; text-decoration: underline;">p</span><span style="color: #0000ff; text-decoration: underline;">ress</span></span></a></span></p>								</div>
				</div>
					</div>
				</div>
				</div>

<p>← Samantha Aquilino (*1998) From Lucerne, CH Bachelor of Arts in Film with Specialisation in Animation and Sounddesign Lucerne University for Applied Sciences and Arts, 2021 aquilino.samantha@gmail.com instagram: @coyothe_kid awards 2025 Public Art Collection Stadt Luzern, CH 2024 Albert Koechlin Stiftung, Innerschweizer Nachwuchs-Kurzfilmwettbewerb 2024 Kanton Luzern Kulturförderung &#8211; selektive Förderung 2021 Nomination Alumni Förderpreis HSLU [&hellip;]</p>

<!-- This site is optimized with the Yoast SEO plugin v27.5 - https://yoast.com/product/yoast-seo-wordpress/ -->
<meta name="robots" content="index, follow, max-snippet:-1, max-image-preview:large, max-video-preview:-1" />
<link rel="canonical" href="https://aquilinosamantha.space/?page_id=214" />
<meta property="og:locale" content="de_DE" />
<meta property="og:type" content="article" />
<meta property="og:description" content="← Samantha Aquilino (*1998) From Lucerne, CH Bachelor of Arts in Film with Specialisation in Animation and Sounddesign Lucerne University for Applied Sciences and Arts, 2021 aquilino.samantha@gmail.com instagram: @coyothe_kid awards 2025 Public Art Collection Stadt Luzern, CH 2024 Albert Koechlin Stiftung, Innerschweizer Nachwuchs-Kurzfilmwettbewerb 2024 Kanton Luzern Kulturförderung &#8211; selektive Förderung 2021 Nomination Alumni Förderpreis HSLU [&hellip;]" />
<meta property="og:url" content="https://aquilinosamantha.space/?page_id=214" />
<meta property="article:modified_time" content="2026-04-20T22:50:05+00:00" />
<meta name="twitter:card" content="summary_large_image" />
<meta name="twitter:label1" content="Geschätzte Lesezeit" />
	<meta name="twitter:data1" content="1 Minute" />
<script type="application/ld+json" class="yoast-schema-graph">{"@context":"https:\/\/schema.org","@graph":[{"@type":"WebPage","@id":"https:\/\/aquilinosamantha.space\/?page_id=214","url":"https:\/\/aquilinosamantha.space\/?page_id=214","name":"","isPartOf":{"@id":"https:\/\/aquilinosamantha.space\/#website"},"datePublished":"2024-02-15T15:37:55+00:00","dateModified":"2026-04-20T22:50:05+00:00","breadcrumb":{"@id":"https:\/\/aquilinosamantha.space\/?page_id=214#breadcrumb"},"inLanguage":"de","potentialAction":[{"@type":"ReadAction","target":["https:\/\/aquilinosamantha.space\/?page_id=214"]}]},{"@type":"BreadcrumbList","@id":"https:\/\/aquilinosamantha.space\/?page_id=214#breadcrumb","itemListElement":[{"@type":"ListItem","position":1,"name":"Startseite","item":"https:\/\/aquilinosamantha.space\/"},{"@type":"ListItem","position":2,"name":"about me"}]},{"@type":"WebSite","@id":"https:\/\/aquilinosamantha.space\/#website","url":"https:\/\/aquilinosamantha.space\/","name":"","description":"","potentialAction":[{"@type":"SearchAction","target":{"@type":"EntryPoint","urlTemplate":"https:\/\/aquilinosamantha.space\/?s={search_term_string}"},"query-input":{"@type":"PropertyValueSpecification","valueRequired":true,"valueName":"search_term_string"}}],"inLanguage":"de"}]}</script>
<!-- / Yoast SEO plugin. -->

← Samantha Aquilino (*1998) From Lucerne, CH Bachelor of Arts in Film with Specialisation in Animation and Sounddesign Lucerne University for Applied Sciences and Arts, 2021 aquilino.samantha@gmail.com instagram: @coyothe_kid awards 2025 Public Art Collection Stadt Luzern, CH 2024 Albert Koechlin Stiftung, Innerschweizer Nachwuchs-Kurzfilmwettbewerb 2024 Kanton Luzern Kulturförderung &#8211; selektive Förderung 2021 Nomination Alumni Förderpreis HSLU [&hellip;]

cv club penguin about me bravo hits Last Update 21 April 2026 https://gifcities.org 02 May 2026 zwischentext zine vol. 10, Zürich CH17 April 2026 Samantha Aquilino X Beat Koller, Kaffee Kind Luzern16 January 2026 charms of bling, HGK Basel CIVIC2026 Dessin 2025 - Zentralschweizer Zeichnung, Galerie im Kloster - Rathausen2026…

Ähnlicher Beitrag

← https://gifcities.org/ "Wo in der Bibel steht, dass der Apfel nicht weit vom Stamm fällt?" [05 December 2025, Kunstmuseum Luzern] Erworben von der Ankaufskommission der Stadt Luzern samantha X marytwo [21 July 2025] Samantha Aquilino @coyothe_kid wearing the new marytwo tee in a size small 🪷 Limited marytwo tee available…
